ime factors of 904?
2, 113
What are the prime factors of 35957?
41, 877
List the prime factors of 20622.
2, 3, 7, 491
What are the prime factors of 1287?
3, 11, 13
List the prime factors of 573.
3, 191
List the prime factors of 19624.
2, 11, 223
List the prime factors of 3664.
2, 229
What are the prime factors of 31367?
7, 4481
What are the prime factors of 239?
239
List the prime factors of 8924.
2, 23, 97
List the prime factors of 16639.
7, 2377
List the prime factors of 15858.
2, 3, 881
List the prime factors of 10050.
2, 3, 5, 67
List the prime factors of 14100.
2, 3, 5, 47
What are the prime factors of 415?
5, 83
List the prime factors of 25635.
3, 5, 1709
What are the prime factors of 38155?
5, 13, 587
What are the prime factors of 51858?
2, 3, 43, 67
What are the prime factors of 1590?
2, 3, 5, 53
List the prime factors of 889.
7, 127
List the prime factors of 1384.
2, 173
What are the prime factors of 1894?
2, 947
What are the prime factors of 1078?
2, 7, 11
List the prime factors of 1262.
2, 631
What are the prime factors of 12788?
2, 23, 139
List the prime factors of 191.
191
What are the prime factors of 814?
2, 11, 37
What are the prime factors of 1234?
2, 617
What are the prime factors of 17716?
2, 43, 103
List the prime factors of 29953.
7, 11, 389
List the prime factors of 5226.
2, 3, 13, 67
What are the prime factors of 10066?
2, 7, 719
List the prime factors of 8872.
2, 1109
What are the prime factors of 4777?
17, 281
What are the prime factors of 1429?
1429
List the prime factors of 4644.
2, 3, 43
List the prime factors of 446.
2, 223
What are the prime factors of 25933?
25933
List the prime factors of 2615.
5, 523
List the prime factors of 501.
3, 167
What are the prime factors of 18463?
37, 499
List the prime factors of 7874.
2, 31, 127
What are the prime factors of 136287?
3, 19, 797
What are the prime factors of 468?
2, 3, 13
What are the prime factors of 4622?
2, 2311
What are the prime factors of 1034?
2, 11, 47
What are the prime factors of 18010?
2, 5, 1801
What are the prime factors of 9474?
2, 3, 1579
List the prime factors of 22711.
13, 1747
List the prime factors of 220.
2, 5, 11
List the prime factors of 2777.
2777
List the prime factors of 111163.
13, 17, 503
What are the prime factors of 3606?
2, 3, 601
What are the prime factors of 45555?
3, 5, 3037
What are the prime factors of 4790?
2, 5, 479
List the prime factors of 22650.
2, 3, 5, 151
What are the prime factors of 413?
7, 59
What are the prime factors of 70605?
3, 5, 523
What are the prime factors of 3779?
3779
What are the prime factors of 48518?
2, 17, 1427
What are the prime factors of 5233?
5233
List the prime factors of 114406.
2, 57203
List the prime factors of 667.
23, 29
What are the prime factors of 10164?
2, 3, 7, 11
List the prime factors of 5695.
5, 17, 67
What are the prime factors of 2670?
2, 3, 5, 89
List the prime factors of 111721.
111721
What are the prime factors of 11833?
11833
What are the prime factors of 5059?
5059
What are the prime factors of 63756?
2, 3, 7, 11, 23
What are the prime factors of 2015?
5, 13, 31
What are the prime factors of 119095?
5, 23819
List the prime factors of 4059.
3, 11, 41
List the prime factors of 2069.
2069
What are the prime factors of 867?
3, 17
What are the prime factors of 869?
11, 79
List the prime factors of 482.
2, 241
List the prime factors of 1893.
3, 631
List the prime factors of 22478.
2, 11239
What are the prime factors of 12652?
2, 3163
List the prime factors of 4835.
5, 967
List the prime factors of 335.
5, 67
List the prime factors of 582.
2, 3, 97
What are the prime factors of 2410?
2, 5, 241
List the prime factors of 1802.
2, 17, 53
What are the prime factors of 1644?
2, 3, 137
What are the prime factors of 50241?
3, 16747
What are the prime factors of 6842?
2, 11, 311
List the prime factors of 115797.
3, 11, 29
What are the prime factors of 554?
2, 277
What are the prime factors of 669?
3, 223
What are the prime factors of 3214?
2, 1607
List the prime factors of 795.
3, 5, 53
List the prime factors of 50711.
17, 19, 157
What are the prime factors of 47808?
2, 3, 83
List the prime factors of 75998.
2, 13, 37, 79
What are the prime factors of 341?
11, 31
What are the prime factors of 321?
3, 107
List the prime factors of 137151.
3, 7, 311
List the prime factors of 84455.
5, 7, 19, 127
What are the prime factors of 4497?
3, 1499
List the prime factors of 10295.
5, 29, 71
List the prime factors of 43592.
2, 5449
What are the prime factors of 53705?
5, 23, 467
What are the prime factors of 14893?
53, 281
List the prime factors of 43937.
53, 829
What are the prime factors of 65?
5, 13
List the prime factors of 203936.
2, 6373
What are the prime factors of 1067?
11, 97
List the prime factors of 2400.
2, 3, 5
What are the prime factors of 7339?
41, 179
What are the prime factors of 27763?
27763
List the prime factors of 138139.
138139
List the prime factors of 157.
157
List the prime factors of 16365.
3, 5, 1091
What are the prime factors of 24?
2, 3
List the prime factors of 46649.
46649
List the prime factors of 2114.
2, 7, 151
What are the prime factors of 214?
2, 107
List the prime factors of 24644.
2, 61, 101
List the prime factors of 76425.
3, 5, 1019
List the prime factors of 289.
17
List the prime factors of 4223.
41, 103
List the prime factors of 2834.
2, 13, 109
List the prime factors of 6034.
2, 7, 431
What are the prime factors of 2741?
2741
List the prime factors of 4004.
2, 7, 11, 13
What are the prime factors of 3439?
19, 181
What are the prime factors of 2924?
2, 17, 43
List the prime factors of 6835.
5, 1367
List the prime factors of 1053.
3, 13
What are the prime factors of 52062?
2, 3, 8677
What are the prime factors of 689?
13, 53
What are the prime factors of 880?
2, 5, 11
List the prime factors of 105019.
105019
What are the prime factors of 10714?
2, 11, 487
What are the prime factors of 15520?
2, 5, 97
What are the prime factors of 47991?
3, 17, 941
What are the prime factors of 17549?
7, 23, 109
List the prime factors of 49353.
3, 16451
List the prime factors of 14949.
3, 11, 151
List the prime factors of 3303.
3, 367
List the prime factors of 55938.
2, 3, 9323
What are the prime factors of 2697?
3, 29, 31
What are the prime factors of 42639?
3, 61, 233
List the prime factors of 5011.
5011
What are the prime factors of 36703?
17, 127
What are the prime factors of 436?
2, 109
List the prime factors of 379.
379
List the prime factors of 10966.
2, 5483
List the prime factors of 882.
2, 3, 7
What are the prime factors of 476?
2, 7, 17
What are the prime factors of 5879?
5879
What are the prime factors of 2487?
3, 829
What are the prime factors of 670?
2, 5, 67
List the prime factors of 9164.
2, 29, 79
List the prime factors of 10009.
10009
What are the prime factors of 122021?
122021
What are the prime factors of 41355?
3, 5, 919
What are the prime factors of 1182?
2, 3, 197
What are the prime factors of 31370?
2, 5, 3137
List the prime factors of 3745.
5, 7, 107
List the prime factors of 161745.
3, 5, 41, 263
List the prime factors of 180.
2, 3, 5
List the prime factors of 2588.
2, 647
What are the prime factors of 13266?
2, 3, 11, 67
List the prime factors of 8824.
2, 1103
What are the prime factors of 1917?
3, 71
What are the prime factors of 5400?
2, 3, 5
What are the prime factors of 1683?
3, 11, 17
What are the prime factors of 4213?
11, 383
What are the prime factors of 3340?
2, 5, 167
What are the prime factors of 2642?
2, 1321
What are the prime factors of 1186?
2, 593
What are the prime factors of 28511?
7, 4073
What are the prime factors of 11414?
2, 13, 439
What are the prime factors of 39175?
5, 1567
List the prime factors of 1167.
3, 389
List the prime factors of 2373.
3, 7, 113
What are the prime factors of 3626?
2, 7, 37
List the prime factors of 4675.
5, 11, 17
What are the prime factors of 6205?
5, 17, 73
What are the prime factors of 48798?
2, 3, 2711
List the prime factors of 5449.
5449
What are the prime factors of 18976?
2, 593
What are the prime factors of 4053?
3, 7, 193
List the prime factors of 51374.
2, 17, 1511
What are the prime factors of 8285?
5, 1657
What are the prime factors of 2675?
5, 107
What are the prime factors of 5682?
2, 3, 947